 + -1. Let b = y - -18. Calculate the remainder when 21 is divided by ((-16)/6)/((-8)/b).
5
Suppose -4*f + 213 = -f. Suppose -q + f = 4*h, -h + q - 37 = -3*h. What is the remainder when 33 is divided by h?
16
Let g = -242 - -369. Calculate the remainder when g is divided by 33.
28
Let f = 9 - 15. Let g = 1 - f. Suppose 36*d - 91 = -19. Calculate the remainder when g is divided by d.
1
Suppose -157*w - 14345 = -176*w. Calculate the remainder when w is divided by 23.
19
What is the remainder when 56 is divided by 54 + (-14)/(-35)*5?
0
Let p(v) = 30*v - 31. Calculate the remainder when 39 is divided by p(2).
10
Suppose -11 = 4*g + 3*h - 36, -2*g + 2 = -2*h. Let s(c) = c - 6. Let r be s(g). Calculate the remainder when 17 - (-7)/((-7)/r) is divided by 7.
5
Suppose 0 = 2*n - 5 - 21. Suppose 2*c + 5*p + 7 = 0, -2*p + n = -4*c - 13. Calculate the remainder when 1818/21 + c/(-14) is divided by 15.
12
Let i(y) = -y**2 + 9*y. Let k be i(6). Suppose 0*s - k = -3*s. Suppose s*h = 2*h + 44. Calculate the remainder when 64 is divided by h.
9
Suppose -c = 2 - 6. Suppose c*h - 72 = -2*r + 4*r, 2*h + r = 44. Suppose 20 + 50 = 10*y. What is the remainder when h is divided by y?
6
Suppose 0 = 5*k - 2*n - 191, -2*k = -3*k - n + 41. Calculate the remainder when k is divided by 24.
15
Let d(r) = -r**2 + 6*r - 1. Let c be d(5). Suppose 3*f = c*s - 18, 24 = 5*s + f - 4*f. Calculate the remainder when 105/9*(s - 3) is divided by 12.
11
Let l(x) = -x**3 - 3*x**2 + 2*x - 5. Let p(s) = -2*s**2 - s + 2. Calculate the remainder when l(-4) is divided by p(0).
1
Let x = 238 + -213. Calculate the remainder when 71 is divided by x.
21
Suppose 5*t - 2*k = 86, 3*t - 3 = -4*k + 33. Suppose 2*v - 155 = 4*f - 15, -136 = -2*v + 3*f. What is the remainder when v is divided by t?
14
Let d = -302 - -326. What is the remainder when 478 is divided by d?
22
Let i(q) = 3*q + 5 - 5*q - 2*q - 5*q. What is the remainder when i(-6) is divided by 5?
4
Suppose -x = 3*h + 1, -4*x = -8*x - 4. Suppose -2*b + 32 = 5*q, h = 5*b + 2*q + q - 42. What is the remainder when 34 is divided by b?
4
Suppose -5*a - 31 = -136. Let n = 651 + -589. Calculate the remainder when n is divided by a.
20
Suppose -602 = 6*h - 3146. Calculate the remainder when h is divided by 144.
136
Let k(i) be the first derivative of 10*i**2 + i + 1. Let w(p) = p**3 + p + 41. Calculate the remainder when w(0) is divided by k(1).
20
Suppose -u + 8 = -0. Let v = -2462 - -2487. What is the remainder when v is divided by u?
1
Let f(p) be the first derivative of -p**3/3 + 9*p**2/2 - 5*p - 28. What is the remainder when 64 is divided by f(6)?
12
Let s(k) = -3*k - 84. Calculate the remainder when 117 is divided by s(-33).
12
Let c(p) = -7*p + 7 + 9 - 12*p + 6*p + p**2. Calculate the remainder when c(12) is divided by 3.
1
Let f = 39 - 35. Suppose -2*i - f*j = -38, 3*j = i + 8*j - 19. Calculate the remainder when i is divided by 10.
9
Let a(g) = g**2 - 7. Suppose -18*x - 29 = -173. Calculate the remainder when a(5) is divided by 4/x + (2 - (-35)/10).
0
Suppose -3*t + 4*i = i - 108, -4*i = 0. What is the remainder when t is divided by 25?
11
Suppose 13*v - 183 = -14. Calculate the remainder when 25 is divided by v.
12
Let q = 30 + -30. Suppose q = -5*z + 20 + 5. Calculate the remainder when (-4)/(-18) - (-115)/9 is divided by z.
3
Let d(j) = -6 + 4 + 3*j - j**2 - 4. Let l be d(8). What is the remainder when 5 - (1 - -3) - l is divided by 24?
23
Suppose -4*z = -3*x - 779, 0 = 4*z - 198*x + 202*x - 744. What is the remainder when z is divided by 90?
11
Suppose 7*t - 4*t - 25 = -v, 3*v - 51 = -t. Suppose 8*c - v*c + 272 = 0. What is the remainder when 132 is divided by c?
30
Let q(o) = o**2 + 3*o + 1. Let n be 6/5*10/(-3). Suppose r + r + 2 = 0, -2*d + 4*r + 32 = 0. What is the remainder when d is divided by q(n)?
4
Let s be -114*(15/(-6) + 2). Let c(w) = -w - 3. Let p be c(-4). What is the remainder when 48 is divided by 2*(s/6 - p)?
14
Suppose 0 = a + 4*z - 58, 2*a - 66 = 2*z - 0*z. Suppose a*r - 40*r + 4 = 0. Let d(f) = 5*f**3 - 2*f**2 + f. What is the remainder when d(r) is divided by 13?
8
Let h(m) = -4*m**3 - 18*m**2 - 3*m - 5. What is the remainder when h(-6) is divided by 26?
21
Let k = -48 + 54. Suppose -5*m + 3*u = -54, -3*m - u + 26 = -k*u. What is the remainder when 58 is divided by m?
10
Suppose 3*k = -2088 + 8988. What is the remainder when (-6)/21 + (k/14 - 0) is divided by 33?
32
Let q(t) = 3*t + 46. Calculate the remainder when q(-5) is divided by 8.
7
Suppose -p + 1 + 2 = 0. Suppose 283 = 5*y - p*u + 7*u, -183 = -3*y + 2*u. Calculate the remainder when y is divided by 31.
28
Suppose -390 = -9*f + 150. Calculate the remainder when 183 is divided by f.
3
Let v = 751 + -743. What is the remainder when 32 is divided by v?
0
Let t be (-1 + 5)/(60/8 - 7). Suppose m + m - 8 = 0. Suppose m*p + 12 = t*p. Calculate the remainder when 4 is divided by p.
1
Suppose 0 = -26*u + 373 + 329. Calculate the remainder when 52 is divided by u.
25
Suppose -2*h = h - 9. Suppose -1 = h*v - 19. Let d = 6 + -4. What is the remainder when v is divided by d?
0
Let s(w) = -4*w - 13. Calculate the remainder when s(-18) is divided by 11.
4
Let n = -28549 + 28562. Suppose -5*s - 4*a = -492, 3*a + 306 = 3*s - 0*s. Calculate the remainder when s is divided by n.
9
Let z = -64 + 174. Calculate the remainder when z is divided by 30.
20
Let j = 258 - 222. Calculate the remainder when j is divided by 12.
0
Suppose -204 = -3*j + 4*o, -2*j - 147 = -4*j - o. What is the remainder when j is divided by 2*((-135)/(-6))/3?
12
Suppose 0 = 50*t + 550 - 6000. What is the remainder when 121 is divided by t?
12
Suppose 88 = 11*c - 88. What is the remainder when 159 is divided by c?
15
Let i = 1 + -4. Suppose 0 = 4*b - a - 38 - 1, -2*a = -2. Calculate the remainder when 146/8 + i/(-4) is divided by b.
9
Let g = -47 - -21. Let n = g + 43. Calculate the remainder when 83 is divided by n.
15
Suppose -l + 4*z - 14 = -z, l - 31 = -4*z. Let s = 28 + -7. Calculate the remainder when s is divided by l.
10
Let w(g) = 2 - 5 - 2 - 6 + 3*g. Let h be w(5). Suppose 0*z = -h*z + 56. What is the remainder when z is divided by 4?
2
Let z(y) = -y**3 + 5*y**2 + 3. Let c be z(5). Let k = -22 - -34. Let j = k + c. Calculate the remainder when j is divided by 9.
6
Suppose 3*u = c + 4*c - 19, -4*c - u + 5 = 0. Suppose 3 = c*y - 7. What is the remainder when 26 is divided by y?
1
Let r = 21 - -33. What is the remainder when r is divided by 28?
26
Let b(a) = -a**3 - a - 1. Let f be b(-1). Suppose -97 = -w - f. What is the remainder when w is divided by 33?
30
Let s be (-6)/2*2/(-6) - -2. Suppose 225 - 30 = s*m. What is the remainder when m is divided by 17?
14
Let k = 46 + -37. Suppose -5*z = -54 + k. Calculate the remainder when 34 is divided by z.
7
Let o = -217 + 308. What is the remainder when o is divided by 7?
0
Suppose -98 = -10*f + 542. Calculate the remainder when 176 is divided by f.
48
Let z(k) be the first derivative of k**3/3 - 21*k**2/2 - 30*k - 43. What is the remainder when z(25) is divided by 12?
10
Let o(x) = x**2 + 10*x + 221. What is the remainder when o(0) is divided by 15?
11
Suppose 5*n = s + 3, 7*n - 3*n - 2 = s. Let j(u) = -25*u**3 + 1. Let m be j(1). Let q = m + 31. What is the remainder when q is divided by s?
1
Suppose -6*p = -p - 1315. Calculate the remainder when p is divided by 66.
65
Let g = -1392 + 1650. What is the remainder when g is divided by 50?
8
Let b be (-106)/(10/(-5)) + 3. Suppose 0 = -24*j + 20*j + b. Calculate the remainder when 24 is divided by j.
10
Let l(p) = p**3 + 6*p**2 + 4*p. Suppose 36 - 16 = -2*w + 2*t, 5*w + 40 = 3*t. Suppose -n + 7 = -6. What is the remainder when n is divided by l(w)?
3
Suppose -2*u + 18 = -5*r, -3*u - 2*r = -42 + 15. Calculate the remainder when 69 is divided by u.
6
Let j(x) = -x + 14. Let k be j(8). Let o be ((-507)/k)/((-3)/6). Suppose 53 - o = -4*g. What is the remainder when g is divided by 8?
5
Suppose -4*j = -86 - 134. What is the remainder when j is divided by ((-3)/9)/(2/(-30)) - -2?
6
Suppose 9*s - 24 = 156. Let g be 5 + 17 - 2/(-1). Suppose -v + g = 3*v. What is the remainder when s is divided by v?
2
Suppose 13*z - 121 - 5768 = 0. Calculate the remainder when z is divided by 63.
12
Suppose 5*m - 2*u = 171, u = 